{"id":643,"date":"2025-05-30T21:03:05","date_gmt":"2025-05-30T18:03:05","guid":{"rendered":"https:\/\/www.cansuyufm.com\/?page_id=643"},"modified":"2026-02-17T22:19:41","modified_gmt":"2026-02-17T19:19:41","slug":"archiveorg-hadisderslerialikucukhocaefendi","status":"publish","type":"page","link":"https:\/\/www.cansuyufm.com\/?page_id=643","title":{"rendered":"Hadis Dersleri Ali Kucuk HocaEfendi"},"content":{"rendered":"\r\n<div class=\"wp-block-group alignfull has-background is-vertical is-layout-flex wp-container-core-group-is-layout-5b6db8d3 wp-block-group-is-layout-flex\" style=\"background:linear-gradient(180deg,rgb(181,189,188) 0%,rgb(249,249,249) 44%);min-height:100vh;margin-top:0;margin-bottom:0;padding-top:var(--wp--preset--spacing--60);padding-right:var(--wp--preset--spacing--50);padding-bottom:var(--wp--preset--spacing--60);padding-left:var(--wp--preset--spacing--50)\">\r\n<div class=\"wp-block-group\"><div class=\"wp-block-group__inner-container is-layout-constrained wp-block-group-is-layout-constrained\">\r\n<div style=\"height:var(--wp--preset--spacing--10)\" aria-hidden=\"true\" class=\"wp-block-spacer\"><\/div>\r\n\r\n\r\n\r\n<h2 class=\"wp-block-heading has-text-align-center has-contrast-color has-text-color has-link-color has-x-large-font-size wp-elements-991db5692421b9e52e03688cad9dea40\" style=\"margin-right:0;margin-left:0;padding-right:0;padding-left:0\">HAD\u0130S DERSLER\u0130 &#8211; AL\u0130 K\u00dc\u00c7\u00dcK<\/h2>\r\n\r\n\r\n\r\n<p class=\"has-text-align-center\">AR\u015eIN G\u00d6LGES\u0130NDE YED\u0130 CENNET<\/p>\r\n\r\n\r\n\r\n<figure class=\"wp-block-audio\"><audio controls src=\"https:\/\/archive.org\/details\/HadisDersleriAliKucukHocaEfendi\/Arsin_golgesinde_yedi_cennet.mp3\"><\/audio><\/figure>\r\n\r\n\r\n\r\n<div style=\"height:0px\" aria-hidden=\"true\" class=\"wp-block-spacer\"><\/div>\r\n\r\n\r\n\r\n<p>BUNALIMDAN KURTULMA<\/p>\r\n\r\n\r\n\r\n<figure class=\"wp-block-audio\"><audio controls src=\"https:\/\/archive.org\/details\/HadisDersleriAliKucukHocaEfendi\/Bunalim_giderme.mp3\"><\/audio><\/figure>\r\n<\/div><\/div>\r\n\r\n\r\n\r\n<p>\u0130MAN VE TAKVA<\/p>\r\n\r\n\r\n\r\n<figure class=\"wp-block-audio\"><audio controls src=\"https:\/\/archive.org\/download\/HadisDersleriAliKucukHocaEfendi\/Iman-insan-takva.mp3\"><\/audio><\/figure>\r\n\r\n\r\n\r\n<p>D\u00dcNYADA  GAR\u0130P OL<\/p>\r\n\r\n\r\n\r\n<figure class=\"wp-block-audio\"><audio controls src=\"https:\/\/archive.org\/details\/HadisDersleriAliKucukHocaEfendi\/Dunyada_garip_ol.mp3\"><\/audio><\/figure>\r\n\r\n\r\n\r\n<p>EMR\u0130 B\u0130L MA\u011eRUF<\/p>\r\n\r\n\r\n\r\n<figure class=\"wp-block-audio\"><audio controls src=\"https:\/\/archive.org\/details\/HadisDersleriAliKucukHocaEfendi\/Emribilmaruf.mp3\"><\/audio><\/figure>\r\n\r\n\r\n\r\n<p>EN FAZ\u0130LETL\u0130 \u0130NSAN<\/p>\r\n\r\n\r\n\r\n<figure class=\"wp-block-audio\"><audio controls src=\"https:\/\/archive.org\/details\/HadisDersleriAliKucukHocaEfendi\/En_faziletli_insan.mp3\"><\/audio><\/figure>\r\n\r\n\r\n\r\n<p>\u0130HT\u0130LAF<\/p>\r\n\r\n\r\n\r\n<figure class=\"wp-block-audio\"><audio controls src=\"https:\/\/ia804502.us.archive.org\/17\/items\/HadisDersleriAliKucukHocaEfendi\/Ihtilaf.mp3\"><\/audio><\/figure>\r\n\r\n\r\n\r\n<p>\u0130MANIN TADINI ALAN \u00dc\u00c7 SINIF<\/p>\r\n\r\n\r\n\r\n<figure class=\"wp-block-audio\"><audio controls src=\"https:\/\/archive.org\/download\/HadisDersleriAliKucukHocaEfendi\/Imanin_tadini_alan_uc_sinif.mp3\"><\/audio><\/figure>\r\n\r\n\r\n\r\n<p>KURANA KAR\u015eI TAVRINIZ<\/p>\r\n\r\n\r\n\r\n<figure class=\"wp-block-audio\"><audio controls src=\"https:\/\/archive.org\/download\/HadisDersleriAliKucukHocaEfendi\/Kurana_karsi_tavrimiz.mp3\"><\/audio><\/figure>\r\n<\/div>\r\n<div class=\"pvc_clear\"><\/div><p id=\"pvc_stats_643\" class=\"pvc_stats all  \" data-element-id=\"643\" style=\"\"><i class=\"pvc-stats-icon medium\" aria-hidden=\"true\"><svg aria-hidden=\"true\" focusable=\"false\" data-prefix=\"far\" data-icon=\"chart-bar\" role=\"img\" xmlns=\"http:\/\/www.w3.org\/2000\/svg\" viewBox=\"0 0 512 512\" class=\"svg-inline--fa fa-chart-bar fa-w-16 fa-2x\"><path fill=\"currentColor\" d=\"M396.8 352h22.4c6.4 0 12.8-6.4 12.8-12.8V108.8c0-6.4-6.4-12.8-12.8-12.8h-22.4c-6.4 0-12.8 6.4-12.8 12.8v230.4c0 6.4 6.4 12.8 12.8 12.8zm-192 0h22.4c6.4 0 12.8-6.4 12.8-12.8V140.8c0-6.4-6.4-12.8-12.8-12.8h-22.4c-6.4 0-12.8 6.4-12.8 12.8v198.4c0 6.4 6.4 12.8 12.8 12.8zm96 0h22.4c6.4 0 12.8-6.4 12.8-12.8V204.8c0-6.4-6.4-12.8-12.8-12.8h-22.4c-6.4 0-12.8 6.4-12.8 12.8v134.4c0 6.4 6.4 12.8 12.8 12.8zM496 400H48V80c0-8.84-7.16-16-16-16H16C7.16 64 0 71.16 0 80v336c0 17.67 14.33 32 32 32h464c8.84 0 16-7.16 16-16v-16c0-8.84-7.16-16-16-16zm-387.2-48h22.4c6.4 0 12.8-6.4 12.8-12.8v-70.4c0-6.4-6.4-12.8-12.8-12.8h-22.4c-6.4 0-12.8 6.4-12.8 12.8v70.4c0 6.4 6.4 12.8 12.8 12.8z\" class=\"\"><\/path><\/svg><\/i> <img loading=\"lazy\" decoding=\"async\" width=\"16\" height=\"16\" alt=\"Loading\" src=\"https:\/\/www.cansuyufm.com\/wp-content\/plugins\/page-views-count\/ajax-loader-2x.gif\" border=0 \/><\/p><div class=\"pvc_clear\"><\/div>","protected":false},"excerpt":{"rendered":"<p>HAD\u0130S DERSLER\u0130 &#8211; AL\u0130 K\u00dc\u00c7\u00dcK AR\u015eIN G\u00d6LGES\u0130NDE YED\u0130 CENNET BUNALIMDAN KURTULMA \u0130MAN VE TAKVA D\u00dcNYADA GAR\u0130P OL EMR\u0130 B\u0130L MA\u011eRUF EN FAZ\u0130LETL\u0130 \u0130NSAN \u0130HT\u0130LAF \u0130MANIN TADINI ALAN \u00dc\u00c7 SINIF KURANA KAR\u015eI TAVRINIZ<\/p>\n<div class=\"pvc_clear\"><\/div>\n<p id=\"pvc_stats_643\" class=\"pvc_stats all  \" data-element-id=\"643\" style=\"\"><i class=\"pvc-stats-icon medium\" aria-hidden=\"true\"><svg aria-hidden=\"true\" focusable=\"false\" data-prefix=\"far\" data-icon=\"chart-bar\" role=\"img\" xmlns=\"http:\/\/www.w3.org\/2000\/svg\" viewBox=\"0 0 512 512\" class=\"svg-inline--fa fa-chart-bar fa-w-16 fa-2x\"><path fill=\"currentColor\" d=\"M396.8 352h22.4c6.4 0 12.8-6.4 12.8-12.8V108.8c0-6.4-6.4-12.8-12.8-12.8h-22.4c-6.4 0-12.8 6.4-12.8 12.8v230.4c0 6.4 6.4 12.8 12.8 12.8zm-192 0h22.4c6.4 0 12.8-6.4 12.8-12.8V140.8c0-6.4-6.4-12.8-12.8-12.8h-22.4c-6.4 0-12.8 6.4-12.8 12.8v198.4c0 6.4 6.4 12.8 12.8 12.8zm96 0h22.4c6.4 0 12.8-6.4 12.8-12.8V204.8c0-6.4-6.4-12.8-12.8-12.8h-22.4c-6.4 0-12.8 6.4-12.8 12.8v134.4c0 6.4 6.4 12.8 12.8 12.8zM496 400H48V80c0-8.84-7.16-16-16-16H16C7.16 64 0 71.16 0 80v336c0 17.67 14.33 32 32 32h464c8.84 0 16-7.16 16-16v-16c0-8.84-7.16-16-16-16zm-387.2-48h22.4c6.4 0 12.8-6.4 12.8-12.8v-70.4c0-6.4-6.4-12.8-12.8-12.8h-22.4c-6.4 0-12.8 6.4-12.8 12.8v70.4c0 6.4 6.4 12.8 12.8 12.8z\" class=\"\"><\/path><\/svg><\/i> <img loading=\"lazy\" decoding=\"async\" width=\"16\" height=\"16\" alt=\"Loading\" src=\"https:\/\/www.cansuyufm.com\/wp-content\/plugins\/page-views-count\/ajax-loader-2x.gif\" border=0 \/><\/p>\n<div class=\"pvc_clear\"><\/div>\n","protected":false},"author":1,"featured_media":0,"parent":0,"menu_order":0,"comment_status":"closed","ping_status":"closed","template":"","meta":{"footnotes":""},"class_list":["post-643","page","type-page","status-publish","hentry"],"_links":{"self":[{"href":"https:\/\/www.cansuyufm.com\/index.php?rest_route=\/wp\/v2\/pages\/643","targetHints":{"allow":["GET"]}}],"collection":[{"href":"https:\/\/www.cansuyufm.com\/index.php?rest_route=\/wp\/v2\/pages"}],"about":[{"href":"https:\/\/www.cansuyufm.com\/index.php?rest_route=\/wp\/v2\/types\/page"}],"author":[{"embeddable":true,"href":"https:\/\/www.cansuyufm.com\/index.php?rest_route=\/wp\/v2\/users\/1"}],"replies":[{"embeddable":true,"href":"https:\/\/www.cansuyufm.com\/index.php?rest_route=%2Fwp%2Fv2%2Fcomments&post=643"}],"version-history":[{"count":6,"href":"https:\/\/www.cansuyufm.com\/index.php?rest_route=\/wp\/v2\/pages\/643\/revisions"}],"predecessor-version":[{"id":974,"href":"https:\/\/www.cansuyufm.com\/index.php?rest_route=\/wp\/v2\/pages\/643\/revisions\/974"}],"wp:attachment":[{"href":"https:\/\/www.cansuyufm.com\/index.php?rest_route=%2Fwp%2Fv2%2Fmedia&parent=643"}],"curies":[{"name":"wp","href":"https:\/\/api.w.org\/{rel}","templated":true}]}}